
11, 6287
What are the prime factors of 553295?
5, 41, 2699
What are the prime factors of 12713182?
2, 6356591
What are the prime factors of 8621885?
5, 71, 149, 163
What are the prime factors of 3183433?
11, 251, 1153
What are the prime factors of 810356?
2, 17, 701
List the prime factors of 2380766.
2, 467, 2549
What are the prime factors of 21278814?
2, 3, 3546469
What are the prime factors of 15454?
2, 7727
List the prime factors of 2376070.
2, 5, 237607
List the prime factors of 7496481.
3, 41, 59, 1033
List the prime factors of 396446.
2, 198223
List the prime factors of 511305.
3, 5, 89, 383
List the prime factors of 163956.
2, 3, 13, 1051
List the prime factors of 1122327.
3, 124703
List the prime factors of 10061612.
2, 11, 347, 659
List the prime factors of 8816630.
2, 5, 881663
What are the prime factors of 8067305?
5, 19, 84919
What are the prime factors of 244312?
2, 30539
List the prime factors of 407008.
2, 7, 23, 79
List the prime factors of 139015.
5, 27803
List the prime factors of 191898.
2, 3, 7, 1523
What are the prime factors of 42012?
2, 3, 389
List the prime factors of 20218452.
2, 3, 29, 58099
List the prime factors of 37845885.
3, 5, 7, 11, 31, 151
List the prime factors of 12564446.
2, 313, 20071
What are the prime factors of 1039541?
857, 1213
List the prime factors of 2143096.
2, 267887
List the prime factors of 18826527.
3, 6275509
What are the prime factors of 133321?
133321
What are the prime factors of 2908968?
2, 3, 61, 1987
List the prime factors of 12578378.
2, 23, 97, 2819
What are the prime factors of 12593393?
12593393
List the prime factors of 19792427.
43, 460289
List the prime factors of 26446153.
26446153
What are the prime factors of 31063774?
2, 7, 827, 2683
What are the prime factors of 526176?
2, 3, 7, 29
List the prime factors of 837450.
2, 3, 5, 1861
What are the prime factors of 335408?
2, 20963
List the prime factors of 75145.
5, 7, 19, 113
List the prime factors of 322207.
23, 14009
What are the prime factors of 28217943?
3, 13, 17, 4729
List the prime factors of 306140.
2, 5, 15307
What are the prime factors of 187738?
2, 37, 43, 59
What are the prime factors of 14278256?
2, 892391
What are the prime factors of 894622?
2, 447311
What are the prime factors of 463565?
5, 23, 29, 139
List the prime factors of 20354328.
2, 3, 101, 311
List the prime factors of 3553750.
2, 5, 2843
What are the prime factors of 196101?
3, 269
What are the prime factors of 1046050?
2, 5, 20921
List the prime factors of 607830.
2, 3, 5, 20261
List the prime factors of 1103467.
1103467
What are the prime factors of 131463?
3, 541
What are the prime factors of 23637968?
2, 37, 39929
What are the prime factors of 283180?
2, 5, 14159
List the prime factors of 3047191.
7, 131, 3323
List the prime factors of 7257006.
2, 3, 23, 5843
What are the prime factors of 425867?
13, 17, 41, 47
List the prime factors of 64921.
64921
List the prime factors of 4364677.
4364677
What are the prime factors of 23528689?
23528689
List the prime factors of 12117469.
7, 13, 10243
List the prime factors of 350588.
2, 7, 19, 659
List the prime factors of 3212569.
181, 17749
What are the prime factors of 8962389?
3, 67, 89, 167
What are the prime factors of 917529?
3, 19, 16097
List the prime factors of 480341.
480341
What are the prime factors of 377437?
37, 101
List the prime factors of 867870.
2, 3, 5, 9643
What are the prime factors of 556974?
2, 3, 11, 29, 97
What are the prime factors of 770805?
3, 5, 7, 2447
What are the prime factors of 37211235?
3, 5, 2480749
List the prime factors of 92632.
2, 11579
List the prime factors of 407210.
2, 5, 43, 947
What are the prime factors of 1250160?
2, 3, 5, 5209
What are the prime factors of 6694832?
2, 418427
What are the prime factors of 11410301?
7, 67, 24329
List the prime factors of 911370.
2, 3, 5, 17, 1787
What are the prime factors of 1645722?
2, 3, 13, 541
List the prime factors of 1406508.
2, 3, 117209
List the prime factors of 5130297.
3, 63337
What are the prime factors of 5733047?
31, 173, 1069
List the prime factors of 2611718.
2, 1021, 1279
List the prime factors of 734576.
2, 31, 1481
List the prime factors of 346923.
3, 4283
What are the prime factors of 397608?
2, 3, 16567
What are the prime factors of 1790191?
13, 137707
What are the prime factors of 493492?
2, 123373
What are the prime factors of 3424435?
5, 7, 97841
What are the prime factors of 528745?
5, 7, 15107
List the prime factors of 5824543.
23, 157, 1613
What are the prime factors of 11406148?
2, 13, 47, 359
What are the prime factors of 16776301?
31, 293, 1847
List the prime factors of 892038.
2, 3, 7, 67, 317
List the prime factors of 12504212.
2, 7, 131, 487
What are the prime factors of 719772?
2, 3, 59981
List the prime factors of 16751333.
3359, 4987
What are the prime factors of 2061593?
31, 73, 911
List the prime factors of 2018070.
2, 3, 5, 17, 1319
List the prime factors of 28510991.
28510991
What are the prime factors of 2576469?
3, 7, 17, 1031
List the prime factors of 27795722.
2, 3581, 3881
List the prime factors of 696649.
811, 859
List the prime factors of 12301233.
3, 7, 643, 911
What are the prime factors of 2600422?
2, 11, 17, 409
List the prime factors of 2185088.
2, 43, 397
List the prime factors of 1159186.
2, 7, 82799
What are the prime factors of 315514?
2, 19, 23
What are the prime factors of 55790?
2, 5, 7, 797
List the prime factors of 6766823.
7, 757, 1277
What are the prime factors of 184251?
3, 61417
List the prime factors of 2233517.
11, 13, 15619
List the prime factors of 81554.
2, 11, 337
List the prime factors of 23561247.
3, 193, 40693
List the prime factors of 2934554.
2, 7, 263, 797
What are the prime factors of 7953034?
2, 67, 59351
List the prime factors of 359028.
2, 3, 9973
What are the prime factors of 987363?
3, 13, 29, 97
List the prime factors of 7456104.
2, 3, 34519
List the prime factors of 741026.
2, 11, 13, 2591
What are the prime factors of 808157?
7, 16493
List the prime factors of 1112264.
2, 139033
List the prime factors of 2113634.
2, 139, 7603
What are the prime factors of 159452?
2, 39863
What are the prime factors of 921481?
11, 19, 4409
What are the prime factors of 2023205?
5, 167, 2423
List the prime factors of 6711904.
2, 137, 1531
What are the prime factors of 1441961?
109, 13229
List the prime factors of 961700.
2, 5, 59, 163
What are the prime factors of 3844787?
449, 8563
What are the prime factors of 185011?
17, 10883
List the prime factors of 346207.
346207
What are the prime factors of 5115288?
2, 3, 131, 1627
List the prime factors of 9599336.
2, 31, 38707
What are the prime factors of 1021909?
7, 145987
List the prime factors of 245345.
5, 49069
What are the prime factors of 2190994?
2, 13, 17, 4957
What are the prime factors of 17122739?
1013, 16903
What are the prime factors of 13890122?
2, 17, 408533
What are the prime factors of 773279?
13, 17, 3499
List the prime factors of 18911.
18911
What are the prime factors of 550744?
2, 43, 1601
List the prime factors of 1581018.
2, 3, 263503
What are the prime factors of 1779682?
2, 293, 3037
What are the prime factors of 6174251?
67, 92153
List the prime factors of 524476.
2, 19, 67, 103
List the prime factors of 9678601.
103, 93967
List the prime factors of 151199.
47, 3217
What are the prime factors of 568527?
3, 189509
What are the prime factors of 824795?
5, 293, 563
What are the prime factors of 588656?
2, 36791
List the prime factors of 706273.
31, 22783
List the prime factors of 15614857.
17, 47, 19543
What are the prime factors of 22212792?
2, 3, 7, 59, 83
List the prime factors of 1345083.
3, 43, 10427
List the prime factors of 3023056.
2, 188941
List the prime factors of 11697254.
2, 37, 158071
What are the prime factors of 203267?
31, 79, 83
List the prime factors of 4639630.
2, 5, 463963
What are the prime factors of 30845?
5, 31, 199
What are the prime factors of 3760320?
2, 3, 5, 3917
List the prime factors of 6417897.
3, 23, 47, 1979
What are the prime factors of 20601719?
19, 1084301
List the prime factors of 823536.
2, 3, 7, 19, 43
List the prime factors of 1830199.
7, 41, 911
What are the prime factors of 1057999?
31, 34129
What are the prime factors of 16431914?
2, 8215957
What a